7870?
True
Is 2082897127 a multiple of 6956?
False
Is 3997560941 a multiple of 11?
True
Is 15 a factor of 18299055?
True
Does 533 divide 1328239?
False
Does 183 divide 31084779?
False
Does 25 divide 2869463900?
True
Does 4060 divide 222504302?
False
Is 76 a factor of 124290172?
True
Is 335457431 a multiple of 24?
False
Is 5266772 a multiple of 28?
True
Is 92 a factor of 30713940?
False
Does 1164 divide 18577440?
True
Is 395936 a multiple of 255?
False
Does 118 divide 90788353?
False
Is 10 a factor of 57293530?
True
Is 16895192 a multiple of 844?
True
Is 151 a factor of 7535051?
True
Is 557888218 a multiple of 23?
False
Does 11 divide 29172?
True
Is 358 a factor of 2391822735?
False
Is 30 a factor of 46899235?
False
Is 20 a factor of 2065034265?
False
Is 2307628406 a multiple of 280?
False
Is 818742710 a multiple of 149?
False
Is 685 a factor of 15192171?
False
Is 20630871 a multiple of 3569?
False
Does 4114 divide 6445580702?
True
Does 82 divide 3985190192?
False
Is 1618 a factor of 331730450?
True
Does 1461 divide 285113129?
False
Does 516 divide 1278540156?
True
Does 39 divide 50274474?
False
Is 475 a factor of 1079771425?
True
Is 1304694850 a multiple of 74?
False
Does 23 divide 1342375439?
False
Does 45 divide 9015096?
False
Is 5238194 a multiple of 218?
False
Does 6667 divide 3964618221?
True
Is 39 a factor of 48551834?
False
Does 969 divide 112443772?
False
Does 39 divide 6848712?
True
Is 43 a factor of 23413070?
True
Is 21 a factor of 144804639?
True
Is 418 a factor of 783750?
True
Does 14 divide 233937485?
False
Does 173 divide 166468385?
True
Does 6 divide 324234?
True
Does 3033 divide 178304004?
True
Is 63 a factor of 218932560?
True
Does 206 divide 32023524?
True
Is 1976374463 a multiple of 3108?
False
Is 765136 a multiple of 49?
False
Is 80281276 a multiple of 34?
True
Is 121 a factor of 51765131?
True
Is 76 a factor of 471478124?
False
Is 544 a factor of 21641333?
False
Does 57 divide 73170330?
True
Is 1234027850 a multiple of 2305?
True
Is 69580915 a multiple of 388?
False
Does 5840 divide 1447566640?
True
Is 107034242 a multiple of 58?
False
Does 12 divide 3259128?
True
Does 964 divide 126870115?
False
Is 1553 a factor of 397794738?
True
Is 24 a factor of 3467083848?
True
Is 4131 a factor of 454728087?
True
Is 2080515925 a multiple of 692?
False
Does 13 divide 8136125?
False
Does 6 divide 664853959?
False
Is 1554 a factor of 32947908?
True
Is 29 a factor of 15939998?
False
Is 21024430 a multiple of 49?
True
Does 281 divide 276087872?
False
Is 1373 a factor of 291615307?
False
Is 47725098 a multiple of 129?
True
Is 204351 a multiple of 111?
True
Does 110 divide 2823480?
True
Does 32 divide 25362848?
True
Is 15 a factor of 43802670?
True
Is 17 a factor of 304844646?
True
Is 7510 a factor of 1006283422?
False
Is 10586 a factor of 4878367552?
True
Is 41 a factor of 4703958003?
True
Is 496016647 a multiple of 217?
True
Is 2500717 a multiple of 289?
True
Is 134635764 a multiple of 362?
True
Is 505535675 a multiple of 10?
False
Does 1502 divide 5778194?
True
Is 9 a factor of 2121677001?
True
Does 174 divide 184061898?
True
Is 47 a factor of 1283267837?
True
Is 3665328962 a multiple of 6405?
False
Is 200 a factor of 41467600?
True
Is 2165 a factor of 90951445?
False
Is 18532076 a multiple of 7?
False
Is 606019250 a multiple of 950?
True
Is 191104068 a multiple of 282?
True
Does 3 divide 50568749?
False
Does 11 divide 317795885?
True
Does 250 divide 177429603?
False
Does 910 divide 197246475?
False
Is 1435112506 a multiple of 2218?
False
Does 12842 divide 168885142?
True
Is 296802285 a multiple of 11?
False
Does 19 divide 14757604?
True
Is 140915044 a multiple of 248?
False
Is 54658936 a multiple of 1165?
False
Does 75 divide 6424947?
False
Is 239500352 a multiple of 697?
True
Is 204 a factor of 14810767?
False
Does 3 divide 37878657?
True
Does 39 divide 182197786?
False
Is 34795826 a multiple of 4?
False
Is 65 a factor of 40320803?
False
Is 139498 a multiple of 20?
False
Does 3153 divide 3169726?
False
Is 224 a factor of 1076132472?
False
Is 186 a factor of 133439562?
True
Is 12831815 a multiple of 115?
True
Does 1842 divide 87042853?
False
Is 1764809706 a multiple of 11?
True
Is 5256450 a multiple of 225?
True
Is 2373 a factor of 10896816?
True
Is 33 a factor of 431916283?
False
Does 34 divide 4510819?
False
Is 23 a factor of 122754458?
False
Does 65 divide 64202437?
False
Is 19 a factor of 2073014?
True
Does 249 divide 50554825?
False
Does 2972 divide 552750392?
True
Does 159 divide 1372417881?
True
Is 7123000 a multiple of 200?
True
Is 2 a factor of 22388465?
False
Is 98896140 a multiple of 15?
True
Is 411 a factor of 511807614?
True
Is 74 a factor of 111538467?
False
Is 721237275 a multiple of 11?
True
Is 279182528 a multiple of 13?
False
Is 817 a factor of 45239741?
True
Does 2304 divide 3314322242?
False
Is 63728876 a multiple of 622?
True
Is 48905764 a multiple of 926?
True
Is 298468 a multiple of 4?
True
Is 15419776 a multiple of 139?
False
Is 24 a factor of 15684624?
True
Does 986 divide 21929047?
False
Does 44 divide 18724491?
False
Is 15546817 a multiple of 1207?
False
Does 133 divide 110187042?
True
Is 84197324 a multiple of 652?
True
Is 473 a factor of 130938698?
True
Does 2119 divide 424177182?
True
Is 13 a factor of 90390859?
True
Does 40 divide 214930909?
False
Is 228 a factor of 143357948?
False
Does 3288 divide 330013272?
True
Is 5416 a factor of 110216681?
False
Is 1274 a factor of 9353761?
False
Does 18 divide 43506316?
False
Is 54915584 a multiple of 283?
True
Is 99955 a multiple of 17?
False
Does 228 divide 19402903?
False
Is 266 a factor of 12033748?
False
Is 122749620 a multiple of 690?
True
Is 299 a factor of 8760102?
True
Is 978 a factor of 104074848?
True
Is 1137397422 a multiple of 78?
False
Does 745 divide 54308351?
False
Does 17 divide 65784390?
True
Does 2475 divide 881864775?
True
Is 23977260 a multiple of 45?
True
Does 1887 divide 170668848?
False
Does 384 divide 69158016?
True
Does 853 divide 365223001?
False
Is 193448436 a multiple of 1158?
False
Is 2740 a factor of 7280791020?
True
Is 680713306 a multiple of 1821?
False
Is 16 a factor of 87769120?
True
Is 614629202 a multiple of 796?
False
Does 2010 divide 394114829?
False
Is 12 a factor of 46858382?
False
Is 1843370142 a multiple of 32?
False
Is 37736930 a multiple of 154?
True
Is 2979 a factor of 11579373?
True
Does 1453 divide 28611234?
False
Does 358 divide 3096342?
True
Does 19 divide 3442561690?
False
Does 133 divide 424965711?
False
Is 6 a factor of 176290921?
False
Is 27507046 a multiple of 14?
True
Does 558 divide 103311970?
False
Is 20711936 a multiple of 14?
True
Does 3 divide 714730?
False
Is 358884275 a multiple of 1025?
True
Is 2040 a factor of 49490400?
True
Is 159042629 a multiple of 2337?
False
Is 14 a factor of 157482912?
False
Does 2351 divide 532332228?
True
Is 213 a factor of 32850852?
False
Does 317 divide 32988405?
False
Is 2288 a factor of 211054272?
True
Is 93 a factor of 24587056?
False
Is 1942 a factor of 268081448?
True
Is 1938170884 a multiple of 52?
True
Does 3 divide 194463439?
False
Does 55 divide 62547815?
True
Is 75158696 a multiple of 670?
False
Is 297 a factor of 2156011?
False
Does 31 divide 478481?
False
Is 15 a factor of 22778775?
True
Is 425 a factor of 1586278925?
True
Does 11700 divide 856276200?
True
Is 1607340 a multiple of 15?
True
Is 1504 a factor of 2447838208?
True
Is 25800284 a multiple of 24?
False
Is 235 a factor of 29600365?
True
Is 759 a factor of 14058711?
False
Is 39 a factor of 3543317938?
False
Is 7607514 a multiple of 159?
True
Is 16172284 a multiple of 7?
False
Is 1926219013 a multiple of 9?
False
Is 4192635 a multiple of 95?
True
Does 599 divide 217820360?
True
Is 845060 a multiple of 124?
True
Is 8 a factor of 188274454?
False
Is 97 a factor of 138921460?
True
Is 29703964 a multiple of 412?
True
Does 12 divide 19714926?
False
Is 246263632 a multiple of 4?
True
Does 65 divide 26475930?
True
Does 979 divide 1406846496?
True
Is 389 a factor of 25723014?
True
Does 5662 divide 91260116?
True
Is 1556470827 a multiple of 53?
False
Is 356 a factor of 103710276?
True
Is 222312258 a multiple of 4578?
True
Is 631284734 a multiple of 206?
True
Does 9 divide 3124963?
False
Does 58 divide 1175936310?